{"id":1129,"date":"2022-07-13T18:04:43","date_gmt":"2022-07-13T16:04:43","guid":{"rendered":"http:\/\/yeti-architectes.fr\/?page_id=1129"},"modified":"2022-07-25T17:26:24","modified_gmt":"2022-07-25T15:26:24","slug":"88-logements-locaux-activites-vernon","status":"publish","type":"page","link":"https:\/\/yeti-architectes.fr\/index.php\/88-logements-locaux-activites-vernon\/","title":{"rendered":"88 logements + locaux activit\u00e9s &#8211; vernon"},"content":{"rendered":"\t\t<div data-elementor-type=\"wp-post\" data-elementor-id=\"1129\" class=\"elementor elementor-1129\">\n\t\t\t\t\t\t<div class=\"elementor-inner\">\n\t\t\t\t<div class=\"elementor-section-wrap\">\n\t\t\t\t\t\t\t\t\t<section class=\"elementor-section elementor-top-section elementor-element elementor-element-2cd7973 elementor-section-full_width elementor-section-height-default elementor-section-height-default\" data-id=\"2cd7973\" data-element_type=\"section\">\n\t\t\t\t\t\t<div class=\"elementor-container elementor-column-gap-no\">\n\t\t\t\t\t\t\t<div class=\"elementor-row\">\n\t\t\t\t\t<div class=\"elementor-column elementor-col-100 elementor-top-column elementor-element elementor-element-c5c6cf0\" data-id=\"c5c6cf0\" data-element_type=\"column\">\n\t\t\t<div class=\"elementor-column-wrap elementor-element-populated\">\n\t\t\t\t\t\t\t<div class=\"elementor-widget-wrap\">\n\t\t\t\t\t\t<div class=\"elementor-element elementor-element-29cd298 elementor-widget elementor-widget-heading\" data-id=\"29cd298\" data-element_type=\"widget\" data-widget_type=\"heading.default\">\n\t\t\t\t<div class=\"elementor-widget-container\">\n\t\t\t<h2 class=\"elementor-heading-title elementor-size-default\">88 logements et 3 locaux d'activit\u00e9s<\/h2>\t\t<\/div>\n\t\t\t\t<\/div>\n\t\t\t\t<div class=\"elementor-element elementor-element-49a7809 elementor-widget__width-inherit elementor-widget elementor-widget-image\" data-id=\"49a7809\" data-element_type=\"widget\" data-widget_type=\"image.default\">\n\t\t\t\t<div class=\"elementor-widget-container\">\n\t\t\t\t\t\t\t\t<div class=\"elementor-image\">\n\t\t\t\t\t\t\t\t\t\t\t\t\t<a href=\"http:\/\/yeti-architectes.fr\/index.php\/82-logements---bd-orleans---rouen\/\">\n\t\t\t\t\t\t\t<img width=\"1536\" height=\"707\" src=\"https:\/\/yeti-architectes.fr\/wp-content\/uploads\/2022\/07\/vernon-perspective-2-7-1536x707.jpg\" class=\"attachment-1536x1536 size-1536x1536\" alt=\"\" loading=\"lazy\" srcset=\"https:\/\/yeti-architectes.fr\/wp-content\/uploads\/2022\/07\/vernon-perspective-2-7-1536x707.jpg 1536w, https:\/\/yeti-architectes.fr\/wp-content\/uploads\/2022\/07\/vernon-perspective-2-7-300x138.jpg 300w, https:\/\/yeti-architectes.fr\/wp-content\/uploads\/2022\/07\/vernon-perspective-2-7-1024x472.jpg 1024w, https:\/\/yeti-architectes.fr\/wp-content\/uploads\/2022\/07\/vernon-perspective-2-7-768x354.jpg 768w, https:\/\/yeti-architectes.fr\/wp-content\/uploads\/2022\/07\/vernon-perspective-2-7.jpg 2000w\" sizes=\"(max-width: 1536px) 100vw, 1536px\" \/>\t\t\t\t\t\t\t\t<\/a>\n\t\t\t\t\t\t\t\t\t\t\t\t\t\t<\/div>\n\t\t\t\t\t\t<\/div>\n\t\t\t\t<\/div>\n\t\t\t\t<div class=\"elementor-element elementor-element-70122b1 elementor-widget elementor-widget-text-editor\" data-id=\"70122b1\" data-element_type=\"widget\" data-widget_type=\"text-editor.default\">\n\t\t\t\t<div class=\"elementor-widget-container\">\n\t\t\t\t\t\t\t\t<div class=\"elementor-text-editor elementor-clearfix\">\n\t\t\t\t<p style=\"text-align: left;\"><strong>Programme : <\/strong>88 logements et 3 locaux d&#8217;activit\u00e9s<\/p><p><strong>Localisation :<\/strong> VERNON, quartier Vernonnet<\/p><p><strong>Type de commande :<\/strong> priv\u00e9e<\/p><p><strong>Ma\u00eetre d&#8217;ouvrage :<\/strong>\u00a0SOGEPROM + EAD<\/p><p><strong style=\"color: var( --e-global-color-text ); font-family: var( --e-global-typography-text-font-family ), Sans-serif;\">Surfaces logements :<\/strong><span style=\"color: var( --e-global-color-text ); font-family: var( --e-global-typography-text-font-family ), Sans-serif;\"> 5093 m\u00b2 SHAB<\/span><\/p><p><strong style=\"color: var( --e-global-color-text ); font-family: var( --e-global-typography-text-font-family ), Sans-serif;\">Surfaces activit\u00e9s :<\/strong><span style=\"color: var( --e-global-color-text ); font-family: var( --e-global-typography-text-font-family ), Sans-serif;\">\u00a01375 m\u00b2<\/span><span style=\"color: var( --e-global-color-text ); font-family: var( --e-global-typography-text-font-family ), Sans-serif;\"><br \/><\/span><\/p><p><strong>Co\u00fbt : <\/strong>8 418 640 \u20ac ht<\/p><p><strong>Avancement :<\/strong> Concours<\/p>\t\t\t\t\t<\/div>\n\t\t\t\t\t\t<\/div>\n\t\t\t\t<\/div>\n\t\t\t\t<div class=\"elementor-element elementor-element-330309c elementor-widget__width-inherit elementor-widget elementor-widget-image-gallery\" data-id=\"330309c\" data-element_type=\"widget\" data-widget_type=\"image-gallery.default\">\n\t\t\t\t<div class=\"elementor-widget-container\">\n\t\t\t\t\t<div class=\"elementor-image-gallery\">\n\t\t\t<div id='gallery-1' class='gallery galleryid-1129 gallery-columns-2 gallery-size-medium_large'><figure class='gallery-item'>\n\t\t\t<div class='gallery-icon portrait'>\n\t\t\t\t<a data-elementor-open-lightbox=\"yes\" data-elementor-lightbox-slideshow=\"330309c\" data-elementor-lightbox-title=\"Z:\ufffd0-plans\ufffd1-Affaire20-L-02 rue -vernonet  vernon EAD Sogepro\" e-action-hash=\"#elementor-action%3Aaction%3Dlightbox%26settings%3DeyJpZCI6Nzk2LCJ1cmwiOiJodHRwczpcL1wveWV0aS1hcmNoaXRlY3Rlcy5mclwvd3AtY29udGVudFwvdXBsb2Fkc1wvMjAyMlwvMDdcL3Zlcm5vbi1wbGFuLW1hc3NlLmpwZyIsInNsaWRlc2hvdyI6IjMzMDMwOWMifQ%3D%3D\" href='https:\/\/yeti-architectes.fr\/wp-content\/uploads\/2022\/07\/vernon-plan-masse.jpg'><img width=\"768\" height=\"840\" src=\"https:\/\/yeti-architectes.fr\/wp-content\/uploads\/2022\/07\/vernon-plan-masse-768x840.jpg\" class=\"attachment-medium_large size-medium_large\" alt=\"\" loading=\"lazy\" srcset=\"https:\/\/yeti-architectes.fr\/wp-content\/uploads\/2022\/07\/vernon-plan-masse-768x840.jpg 768w, https:\/\/yeti-architectes.fr\/wp-content\/uploads\/2022\/07\/vernon-plan-masse-274x300.jpg 274w, https:\/\/yeti-architectes.fr\/wp-content\/uploads\/2022\/07\/vernon-plan-masse-936x1024.jpg 936w, https:\/\/yeti-architectes.fr\/wp-content\/uploads\/2022\/07\/vernon-plan-masse-1405x1536.jpg 1405w, https:\/\/yeti-architectes.fr\/wp-content\/uploads\/2022\/07\/vernon-plan-masse-1873x2048.jpg 1873w, https:\/\/yeti-architectes.fr\/wp-content\/uploads\/2022\/07\/vernon-plan-masse.jpg 2000w\" sizes=\"(max-width: 768px) 100vw, 768px\" \/><\/a>\n\t\t\t<\/div><\/figure><figure class='gallery-item'>\n\t\t\t<div class='gallery-icon landscape'>\n\t\t\t\t<a data-elementor-open-lightbox=\"yes\" data-elementor-lightbox-slideshow=\"330309c\" data-elementor-lightbox-title=\"Image10_011-retouch\u00e9e\" e-action-hash=\"#elementor-action%3Aaction%3Dlightbox%26settings%3DeyJpZCI6Nzk3LCJ1cmwiOiJodHRwczpcL1wveWV0aS1hcmNoaXRlY3Rlcy5mclwvd3AtY29udGVudFwvdXBsb2Fkc1wvMjAyMlwvMDdcL0ltYWdlMTBfMDExLXJldG91Y2hlZS5qcGciLCJzbGlkZXNob3ciOiIzMzAzMDljIn0%3D\" href='https:\/\/yeti-architectes.fr\/wp-content\/uploads\/2022\/07\/Image10_011-retouchee.jpg'><img width=\"768\" height=\"768\" src=\"https:\/\/yeti-architectes.fr\/wp-content\/uploads\/2022\/07\/Image10_011-retouchee-768x768.jpg\" class=\"attachment-medium_large size-medium_large\" alt=\"\" loading=\"lazy\" srcset=\"https:\/\/yeti-architectes.fr\/wp-content\/uploads\/2022\/07\/Image10_011-retouchee-768x768.jpg 768w, https:\/\/yeti-architectes.fr\/wp-content\/uploads\/2022\/07\/Image10_011-retouchee-300x300.jpg 300w, https:\/\/yeti-architectes.fr\/wp-content\/uploads\/2022\/07\/Image10_011-retouchee-1024x1024.jpg 1024w, https:\/\/yeti-architectes.fr\/wp-content\/uploads\/2022\/07\/Image10_011-retouchee-150x150.jpg 150w, https:\/\/yeti-architectes.fr\/wp-content\/uploads\/2022\/07\/Image10_011-retouchee-1536x1536.jpg 1536w, https:\/\/yeti-architectes.fr\/wp-content\/uploads\/2022\/07\/Image10_011-retouchee.jpg 2000w\" sizes=\"(max-width: 768px) 100vw, 768px\" \/><\/a>\n\t\t\t<\/div><\/figure><figure class='gallery-item'>\n\t\t\t<div class='gallery-icon landscape'>\n\t\t\t\t<a data-elementor-open-lightbox=\"yes\" data-elementor-lightbox-slideshow=\"330309c\" data-elementor-lightbox-title=\"schema\" e-action-hash=\"#elementor-action%3Aaction%3Dlightbox%26settings%3DeyJpZCI6MTE2OCwidXJsIjoiaHR0cHM6XC9cL3lldGktYXJjaGl0ZWN0ZXMuZnJcL3dwLWNvbnRlbnRcL3VwbG9hZHNcLzIwMjJcLzA3XC9zY2hlbWEuanBnIiwic2xpZGVzaG93IjoiMzMwMzA5YyJ9\" href='https:\/\/yeti-architectes.fr\/wp-content\/uploads\/2022\/07\/schema.jpg'><img width=\"768\" height=\"510\" src=\"https:\/\/yeti-architectes.fr\/wp-content\/uploads\/2022\/07\/schema-768x510.jpg\" class=\"attachment-medium_large size-medium_large\" alt=\"\" loading=\"lazy\" srcset=\"https:\/\/yeti-architectes.fr\/wp-content\/uploads\/2022\/07\/schema-768x510.jpg 768w, https:\/\/yeti-architectes.fr\/wp-content\/uploads\/2022\/07\/schema-300x199.jpg 300w, https:\/\/yeti-architectes.fr\/wp-content\/uploads\/2022\/07\/schema-1024x679.jpg 1024w, https:\/\/yeti-architectes.fr\/wp-content\/uploads\/2022\/07\/schema-1536x1019.jpg 1536w, https:\/\/yeti-architectes.fr\/wp-content\/uploads\/2022\/07\/schema.jpg 2000w\" sizes=\"(max-width: 768px) 100vw, 768px\" \/><\/a>\n\t\t\t<\/div><\/figure><figure class='gallery-item'>\n\t\t\t<div class='gallery-icon landscape'>\n\t\t\t\t<a data-elementor-open-lightbox=\"yes\" data-elementor-lightbox-slideshow=\"330309c\" data-elementor-lightbox-title=\"vernon - perspective 1-5-recadr\u00e9e\" e-action-hash=\"#elementor-action%3Aaction%3Dlightbox%26settings%3DeyJpZCI6Nzk0LCJ1cmwiOiJodHRwczpcL1wveWV0aS1hcmNoaXRlY3Rlcy5mclwvd3AtY29udGVudFwvdXBsb2Fkc1wvMjAyMlwvMDdcL3Zlcm5vbi1wZXJzcGVjdGl2ZS0xLTUtcmVjYWRyZWUuanBnIiwic2xpZGVzaG93IjoiMzMwMzA5YyJ9\" href='https:\/\/yeti-architectes.fr\/wp-content\/uploads\/2022\/07\/vernon-perspective-1-5-recadree.jpg'><img width=\"768\" height=\"282\" src=\"https:\/\/yeti-architectes.fr\/wp-content\/uploads\/2022\/07\/vernon-perspective-1-5-recadree-768x282.jpg\" class=\"attachment-medium_large size-medium_large\" alt=\"\" loading=\"lazy\" srcset=\"https:\/\/yeti-architectes.fr\/wp-content\/uploads\/2022\/07\/vernon-perspective-1-5-recadree-768x282.jpg 768w, https:\/\/yeti-architectes.fr\/wp-content\/uploads\/2022\/07\/vernon-perspective-1-5-recadree-300x110.jpg 300w, https:\/\/yeti-architectes.fr\/wp-content\/uploads\/2022\/07\/vernon-perspective-1-5-recadree-1024x376.jpg 1024w, https:\/\/yeti-architectes.fr\/wp-content\/uploads\/2022\/07\/vernon-perspective-1-5-recadree-1536x564.jpg 1536w, https:\/\/yeti-architectes.fr\/wp-content\/uploads\/2022\/07\/vernon-perspective-1-5-recadree.jpg 2000w\" sizes=\"(max-width: 768px) 100vw, 768px\" \/><\/a>\n\t\t\t<\/div><\/figure><figure class='gallery-item'>\n\t\t\t<div class='gallery-icon landscape'>\n\t\t\t\t<a data-elementor-open-lightbox=\"yes\" data-elementor-lightbox-slideshow=\"330309c\" data-elementor-lightbox-title=\"facade12\" e-action-hash=\"#elementor-action%3Aaction%3Dlightbox%26settings%3DeyJpZCI6MTIxOCwidXJsIjoiaHR0cHM6XC9cL3lldGktYXJjaGl0ZWN0ZXMuZnJcL3dwLWNvbnRlbnRcL3VwbG9hZHNcLzIwMjJcLzA3XC9mYWNhZGUxMi5qcGciLCJzbGlkZXNob3ciOiIzMzAzMDljIn0%3D\" href='https:\/\/yeti-architectes.fr\/wp-content\/uploads\/2022\/07\/facade12.jpg'><img width=\"768\" height=\"205\" src=\"https:\/\/yeti-architectes.fr\/wp-content\/uploads\/2022\/07\/facade12-768x205.jpg\" class=\"attachment-medium_large size-medium_large\" alt=\"\" loading=\"lazy\" srcset=\"https:\/\/yeti-architectes.fr\/wp-content\/uploads\/2022\/07\/facade12-768x205.jpg 768w, https:\/\/yeti-architectes.fr\/wp-content\/uploads\/2022\/07\/facade12-300x80.jpg 300w, https:\/\/yeti-architectes.fr\/wp-content\/uploads\/2022\/07\/facade12-1024x274.jpg 1024w, https:\/\/yeti-architectes.fr\/wp-content\/uploads\/2022\/07\/facade12-1536x411.jpg 1536w, https:\/\/yeti-architectes.fr\/wp-content\/uploads\/2022\/07\/facade12.jpg 2000w\" sizes=\"(max-width: 768px) 100vw, 768px\" \/><\/a>\n\t\t\t<\/div><\/figure><figure class='gallery-item'>\n\t\t\t<div class='gallery-icon landscape'>\n\t\t\t\t<a data-elementor-open-lightbox=\"yes\" data-elementor-lightbox-slideshow=\"330309c\" data-elementor-lightbox-title=\"facade3\" e-action-hash=\"#elementor-action%3Aaction%3Dlightbox%26settings%3DeyJpZCI6MTE2MiwidXJsIjoiaHR0cHM6XC9cL3lldGktYXJjaGl0ZWN0ZXMuZnJcL3dwLWNvbnRlbnRcL3VwbG9hZHNcLzIwMjJcLzA3XC9mYWNhZGUzLTMuanBnIiwic2xpZGVzaG93IjoiMzMwMzA5YyJ9\" href='https:\/\/yeti-architectes.fr\/wp-content\/uploads\/2022\/07\/facade3-3.jpg'><img width=\"768\" height=\"206\" src=\"https:\/\/yeti-architectes.fr\/wp-content\/uploads\/2022\/07\/facade3-3-768x206.jpg\" class=\"attachment-medium_large size-medium_large\" alt=\"\" loading=\"lazy\" srcset=\"https:\/\/yeti-architectes.fr\/wp-content\/uploads\/2022\/07\/facade3-3-768x206.jpg 768w, https:\/\/yeti-architectes.fr\/wp-content\/uploads\/2022\/07\/facade3-3-300x80.jpg 300w, https:\/\/yeti-architectes.fr\/wp-content\/uploads\/2022\/07\/facade3-3-1024x274.jpg 1024w, https:\/\/yeti-architectes.fr\/wp-content\/uploads\/2022\/07\/facade3-3-1536x412.jpg 1536w, https:\/\/yeti-architectes.fr\/wp-content\/uploads\/2022\/07\/facade3-3.jpg 2000w\" sizes=\"(max-width: 768px) 100vw, 768px\" \/><\/a>\n\t\t\t<\/div><\/figure><figure class='gallery-item'>\n\t\t\t<div class='gallery-icon landscape'>\n\t\t\t\t<a data-elementor-open-lightbox=\"yes\" data-elementor-lightbox-slideshow=\"330309c\" data-elementor-lightbox-title=\"axo general\" e-action-hash=\"#elementor-action%3Aaction%3Dlightbox%26settings%3DeyJpZCI6MTE2NCwidXJsIjoiaHR0cHM6XC9cL3lldGktYXJjaGl0ZWN0ZXMuZnJcL3dwLWNvbnRlbnRcL3VwbG9hZHNcLzIwMjJcLzA3XC9heG8tZ2VuZXJhbC5qcGciLCJzbGlkZXNob3ciOiIzMzAzMDljIn0%3D\" href='https:\/\/yeti-architectes.fr\/wp-content\/uploads\/2022\/07\/axo-general.jpg'><img width=\"768\" height=\"303\" src=\"https:\/\/yeti-architectes.fr\/wp-content\/uploads\/2022\/07\/axo-general-768x303.jpg\" class=\"attachment-medium_large size-medium_large\" alt=\"\" loading=\"lazy\" srcset=\"https:\/\/yeti-architectes.fr\/wp-content\/uploads\/2022\/07\/axo-general-768x303.jpg 768w, https:\/\/yeti-architectes.fr\/wp-content\/uploads\/2022\/07\/axo-general-300x119.jpg 300w, https:\/\/yeti-architectes.fr\/wp-content\/uploads\/2022\/07\/axo-general-1024x404.jpg 1024w, https:\/\/yeti-architectes.fr\/wp-content\/uploads\/2022\/07\/axo-general-1536x607.jpg 1536w, https:\/\/yeti-architectes.fr\/wp-content\/uploads\/2022\/07\/axo-general.jpg 2000w\" sizes=\"(max-width: 768px) 100vw, 768px\" \/><\/a>\n\t\t\t<\/div><\/figure><figure class='gallery-item'>\n\t\t\t<div class='gallery-icon landscape'>\n\t\t\t\t<a data-elementor-open-lightbox=\"yes\" data-elementor-lightbox-slideshow=\"330309c\" data-elementor-lightbox-title=\"axo detail 1\" e-action-hash=\"#elementor-action%3Aaction%3Dlightbox%26settings%3DeyJpZCI6MTE2NSwidXJsIjoiaHR0cHM6XC9cL3lldGktYXJjaGl0ZWN0ZXMuZnJcL3dwLWNvbnRlbnRcL3VwbG9hZHNcLzIwMjJcLzA3XC9heG8tZGV0YWlsLTEuanBnIiwic2xpZGVzaG93IjoiMzMwMzA5YyJ9\" href='https:\/\/yeti-architectes.fr\/wp-content\/uploads\/2022\/07\/axo-detail-1.jpg'><img width=\"768\" height=\"398\" src=\"https:\/\/yeti-architectes.fr\/wp-content\/uploads\/2022\/07\/axo-detail-1-768x398.jpg\" class=\"attachment-medium_large size-medium_large\" alt=\"\" loading=\"lazy\" srcset=\"https:\/\/yeti-architectes.fr\/wp-content\/uploads\/2022\/07\/axo-detail-1-768x398.jpg 768w, https:\/\/yeti-architectes.fr\/wp-content\/uploads\/2022\/07\/axo-detail-1-300x156.jpg 300w, https:\/\/yeti-architectes.fr\/wp-content\/uploads\/2022\/07\/axo-detail-1-1024x531.jpg 1024w, https:\/\/yeti-architectes.fr\/wp-content\/uploads\/2022\/07\/axo-detail-1-1536x796.jpg 1536w, https:\/\/yeti-architectes.fr\/wp-content\/uploads\/2022\/07\/axo-detail-1.jpg 2000w\" sizes=\"(max-width: 768px) 100vw, 768px\" \/><\/a>\n\t\t\t<\/div><\/figure><figure class='gallery-item'>\n\t\t\t<div class='gallery-icon landscape'>\n\t\t\t\t<a data-elementor-open-lightbox=\"yes\" data-elementor-lightbox-slideshow=\"330309c\" data-elementor-lightbox-title=\"axo detail 2\" e-action-hash=\"#elementor-action%3Aaction%3Dlightbox%26settings%3DeyJpZCI6MTE2NiwidXJsIjoiaHR0cHM6XC9cL3lldGktYXJjaGl0ZWN0ZXMuZnJcL3dwLWNvbnRlbnRcL3VwbG9hZHNcLzIwMjJcLzA3XC9heG8tZGV0YWlsLTIuanBnIiwic2xpZGVzaG93IjoiMzMwMzA5YyJ9\" href='https:\/\/yeti-architectes.fr\/wp-content\/uploads\/2022\/07\/axo-detail-2.jpg'><img width=\"768\" height=\"399\" src=\"https:\/\/yeti-architectes.fr\/wp-content\/uploads\/2022\/07\/axo-detail-2-768x399.jpg\" class=\"attachment-medium_large size-medium_large\" alt=\"\" loading=\"lazy\" srcset=\"https:\/\/yeti-architectes.fr\/wp-content\/uploads\/2022\/07\/axo-detail-2-768x399.jpg 768w, https:\/\/yeti-architectes.fr\/wp-content\/uploads\/2022\/07\/axo-detail-2-300x156.jpg 300w, https:\/\/yeti-architectes.fr\/wp-content\/uploads\/2022\/07\/axo-detail-2-1024x532.jpg 1024w, https:\/\/yeti-architectes.fr\/wp-content\/uploads\/2022\/07\/axo-detail-2-1536x798.jpg 1536w, https:\/\/yeti-architectes.fr\/wp-content\/uploads\/2022\/07\/axo-detail-2.jpg 2000w\" sizes=\"(max-width: 768px) 100vw, 768px\" \/><\/a>\n\t\t\t<\/div><\/figure><figure class='gallery-item'>\n\t\t\t<div class='gallery-icon landscape'>\n\t\t\t\t<a data-elementor-open-lightbox=\"yes\" data-elementor-lightbox-slideshow=\"330309c\" data-elementor-lightbox-title=\"axo detail 3\" e-action-hash=\"#elementor-action%3Aaction%3Dlightbox%26settings%3DeyJpZCI6MTE2NywidXJsIjoiaHR0cHM6XC9cL3lldGktYXJjaGl0ZWN0ZXMuZnJcL3dwLWNvbnRlbnRcL3VwbG9hZHNcLzIwMjJcLzA3XC9heG8tZGV0YWlsLTMuanBnIiwic2xpZGVzaG93IjoiMzMwMzA5YyJ9\" href='https:\/\/yeti-architectes.fr\/wp-content\/uploads\/2022\/07\/axo-detail-3.jpg'><img width=\"768\" height=\"410\" src=\"https:\/\/yeti-architectes.fr\/wp-content\/uploads\/2022\/07\/axo-detail-3-768x410.jpg\" class=\"attachment-medium_large size-medium_large\" alt=\"\" loading=\"lazy\" srcset=\"https:\/\/yeti-architectes.fr\/wp-content\/uploads\/2022\/07\/axo-detail-3-768x410.jpg 768w, https:\/\/yeti-architectes.fr\/wp-content\/uploads\/2022\/07\/axo-detail-3-300x160.jpg 300w, https:\/\/yeti-architectes.fr\/wp-content\/uploads\/2022\/07\/axo-detail-3-1024x546.jpg 1024w, https:\/\/yeti-architectes.fr\/wp-content\/uploads\/2022\/07\/axo-detail-3-1536x819.jpg 1536w, https:\/\/yeti-architectes.fr\/wp-content\/uploads\/2022\/07\/axo-detail-3.jpg 2000w\" sizes=\"(max-width: 768px) 100vw, 768px\" \/><\/a>\n\t\t\t<\/div><\/figure>\n\t\t<\/div>\n\t\t<\/div>\n\t\t\t\t<\/div>\n\t\t\t\t<\/div>\n\t\t\t\t\t\t<\/div>\n\t\t\t\t\t<\/div>\n\t\t<\/div>\n\t\t\t\t\t\t\t\t<\/div>\n\t\t\t\t\t<\/div>\n\t\t<\/section>\n\t\t\t\t\t\t\t\t\t<\/div>\n\t\t\t<\/div>\n\t\t\t\t\t<\/div>\n\t\t","protected":false},"excerpt":{"rendered":"<p>88 logements et 3 locaux d&#8217;activit\u00e9s Programme : 88 logements et 3 locaux d&#8217;activit\u00e9s Localisation : VERNON, quartier Vernonnet Type de commande : priv\u00e9e Ma\u00eetre d&#8217;ouvrage :\u00a0SOGEPROM + EAD Surfaces logements : 5093 m\u00b2 SHAB Surfaces activit\u00e9s :\u00a01375 m\u00b2 Co\u00fbt : 8 418 640 \u20ac ht Avancement : Concours<\/p>\n","protected":false},"author":1,"featured_media":0,"parent":0,"menu_order":0,"comment_status":"closed","ping_status":"closed","template":"elementor_header_footer","meta":{"_mi_skip_tracking":false},"_links":{"self":[{"href":"https:\/\/yeti-architectes.fr\/index.php\/wp-json\/wp\/v2\/pages\/1129"}],"collection":[{"href":"https:\/\/yeti-architectes.fr\/index.php\/wp-json\/wp\/v2\/pages"}],"about":[{"href":"https:\/\/yeti-architectes.fr\/index.php\/wp-json\/wp\/v2\/types\/page"}],"author":[{"embeddable":true,"href":"https:\/\/yeti-architectes.fr\/index.php\/wp-json\/wp\/v2\/users\/1"}],"replies":[{"embeddable":true,"href":"https:\/\/yeti-architectes.fr\/index.php\/wp-json\/wp\/v2\/comments?post=1129"}],"version-history":[{"count":10,"href":"https:\/\/yeti-architectes.fr\/index.php\/wp-json\/wp\/v2\/pages\/1129\/revisions"}],"predecessor-version":[{"id":1221,"href":"https:\/\/yeti-architectes.fr\/index.php\/wp-json\/wp\/v2\/pages\/1129\/revisions\/1221"}],"wp:attachment":[{"href":"https:\/\/yeti-architectes.fr\/index.php\/wp-json\/wp\/v2\/media?parent=1129"}],"curies":[{"name":"wp","href":"https:\/\/api.w.org\/{rel}","templated":true}]}}